 1266180 = -1964*x. What are the prime factors of x?
2, 47, 449
Let j = 3498 + -1261. What are the prime factors of j?
2237
Let w(y) = 141*y**2 + 134*y - 14. What are the prime factors of w(-4)?
2, 853
Suppose -5*l = 3*h - 20, -h - 4*l + 0*l = -9. Suppose 3*q + 2*q = -3*w - 146, -3*w - 114 = -3*q. Let k = h - w. List the prime factors of k.
47
Let y(i) = i**3 - 12*i**2 + i - 7. Let d be y(12). Suppose 0 = d*v + 10*v + 45. List the prime factors of ((-6)/8)/(v/60).
3, 5
Suppose -4*r + 2*z + 584 = -2*z, -3*r + 4*z = -435. Let h = 298 - r. Suppose 313 = 6*s - h. What are the prime factors of s?
7, 11
Let n = 289 + 9. Let q = n + -168. Suppose -q = -4*d - 2*p - 3*p, -4*d + 134 = 3*p. What are the prime factors of d?
5, 7
Let h(k) = -k**3 - 16*k**2 + 6*k - 14. Let i = 159 + -177. List the prime factors of h(i).
2, 263
Suppose -2*p + 12 = 4*p. Let x(w) = -10*w**2 - 13*w**p + 24*w**2 + 5 + w. List the prime factors of x(-5).
5
Suppose 219*h - 1465058 = 7277203. What are the prime factors of h?
11, 19, 191
Let g be 18*1*(-141)/(-9). Let n = -627 + g. Let h = 556 + n. What are the prime factors of h?
211
Let p = 118 - 108. Suppose -3*v + p*v = 28. Suppose 0 = 3*h - 12, 0 = -0*j + 4*j + v*h - 728. What are the prime factors of j?
2, 89
Suppose 3*v + 30 = -6. Let s = v - -56. Suppose -s*z = -42*z - 194. List the prime factors of z.
97
Suppose -2*t + 679 = -807. Suppose 24 = -b + t. What are the prime factors of b?
719
Let b(n) = n**2 + 42*n + 59. Let y be b(-27). Let p = y + 397. List the prime factors of p.
3, 17
Suppose 0 = -100*f + 90*f + 30. Suppose -f*c + 3*i + 301 = -353, 0 = c - 3*i - 226. List the prime factors of c.
2, 107
Let l(q) = 4*q**2 + 190*q - 195. List the prime factors of l(-51).
3, 173
Let f(r) = 2*r**3 - 53*r**2 + 71*r + 134. Let t be f(25). Suppose -3*m = -2*m. Suppose m = 2*j - 120 - t. What are the prime factors of j?
7, 11
Suppose p - 4*p = -k - 11, 0 = -2*k - 3*p + 14. What are the prime factors of k + 788 - (-53 + 57)?
5, 157
List the prime factors of 1/(2/(-4)) - ((-851526)/(-9))/(-6).
15767
Let r = -7658 - -8741. List the prime factors of r.
3, 19
Let z(c) = -6*c**3 + 259*c**2 - 19*c - 30. List the prime factors of z(39).
2, 3, 7, 887
Let t = -13216 + 47997. List the prime factors of t.
34781
Suppose -5*p - 17 = -57. Let h be (-4)/p*4 + 16. Suppose -5*f + 20 = 4*v, 3*v + f = 1 + h. List the prime factors of v.
5
What are the prime factors of (-25 - (-510)/20)/((-2)/(-97508))?
19, 1283
Suppose 4*s + v = 157593, 10*s - 5*s + 2*v = 196998. What are the prime factors of s?
2, 3, 7, 67
Let c(w) = w**3 - 27*w**2 - 30*w + 70. Let z be c(28). Let h(y) = 16 - 3*y - z - 22 + 9*y. What are the prime factors of h(13)?
2, 29
Let m = 21757 - 11338. List the prime factors of m.
3, 23, 151
Suppose -4*q = -4*n + 21072, -103*n + 99*n + 2*q + 21086 = 0. What are the prime factors of n?
5, 211
Suppose 6*o = -2*g + o + 68, -5*g = -3*o - 170. Let c = 124 - g. What are the prime factors of (-15)/c + (-2378)/(-12)?
2, 3, 11
Suppose 3*g + 1662090 = 173*g. List the prime factors of g.
3, 3259
Let m = -199 + 339. Suppose 0 = -9*b - m + 788. What are the prime factors of b?
2, 3
Let k(z) = z**3 + 16*z**2 - 32*z. Let y be k(-17). Suppose -q = 3*q - 3*x - y, -12 = -4*x. List the prime factors of q.
2, 3, 11
Suppose -4*v + 2*v = -2*s - 24, 27 = -s + 4*v. Let r = 3 - s. Suppose -80 = r*g - 14*g. What are the prime factors of g?
2, 5
Suppose 4*o + 3*h - 4859 = 0, -5*h - 2009 = -o - 800. Let r = -207 + o. List the prime factors of r.
19, 53
Let i(x) = -2 + 0 + 25*x + 1. Suppose 2*l + 5*s = 4, -4*l + 0*s + 8 = 4*s. What are the prime factors of i(l)?
7
Let j be 5/((-6)/15 - (-42)/30). Suppose -j*n - 64 = -114. What are the prime factors of n?
2, 5
Let v = 13199 + -7379. List the prime factors of v.
2, 3, 5, 97
Let f be ((-4)/6)/((-26)/1677). Suppose 82*l = 87*l - 685. Let k = l - f. What are the prime factors of k?
2, 47
Let p(b) = 787*b**2 + 4*b. List the prime factors of p(3).
3, 5, 11, 43
Suppose 0*j - 6 = 2*j. Let z be j/21 - (-2584)/56. Suppose -6*u - 16 = -z. List the prime factors of u.
5
List the prime factors of ((-154)/(-462))/((-2)/(-96030)).
3, 5, 11, 97
Let r = 417 + -415. Suppose b - 3*d - 235 = 235, -r*b - 4*d = -980. What are the prime factors of b?
2, 241
Let c = 70 - 44. Suppose -c = 4*q - 54. Suppose 345 = q*v - 4*v. What are the prime factors of v?
5, 23
Suppose 2*x = 5*i - 10999, 2*x = -i - i + 4394. Let b = i - 1230. List the prime factors of b.
3, 17, 19
Let r(u) = u**2 + 31*u - 2372. List the prime factors of r(-98).
2, 3, 233
Let w be 2143 - (8/24)/((-2)/(-36)). Let n = -597 + w. What are the prime factors of n?
2, 5, 7, 11
Let x(m) = 9*m**2 + 26*m + 17. Let q(h) = -h**3 + 18*h**2 - 15*h - 29. Let f be q(17). List the prime factors of x(f).
2, 3, 31
Suppose -6*a - 8*a = -182. Suppose 0 = a*x + x + 140. What are the prime factors of ((-6)/3)/(x/145)?
29
Let x = 290 + -23. Let c = x + -162. What are the prime factors of c?
3, 5, 7
Let m(s) = s**3 - 23*s. Let j be m(5). Suppose -2664 = -j*n + n. List the prime factors of n.
2, 37
Let c = -20152 - -53409. What are the prime factors of c?
7, 4751
Let f = 866 - -301. Let i = 1634 - f. List the prime factors of i.
467
Suppose 22*q - 219 = 1233. List the prime factors of q.
2, 3, 11
Let k be -11 + 2/6*15. Suppose -v + 8 = -5*v. List the prime factors of (-4 - v) + 16 + k.
2
Suppose -23340 = -2*m - q, 280*m + 5*q = 275*m + 58340. List the prime factors of m.
2, 1459
Let q(m) = -m**3 - 34*m**2 - 118*m - 39. Let l be q(-30). Let o = -297 - -153. Let p = l - o. What are the prime factors of p?
3, 5
Let o = -23 - -27. Suppose 4*m = 2*n + 10, -m + 6 = -2*n + 2. Suppose -o*s + 217 = 5*h + 4, 51 = s + m*h. List the prime factors of s.
3, 19
List the prime factors of 57*3705/(-52)*-4.
3, 5, 19
Suppose 0 = -18*w + 65*w - 39856. List the prime factors of w.
2, 53
Suppose -o = 2*o + 774. Let y = o - -477. Suppose -4*h + 549 = h - 2*k, -k - y = -2*h. List the prime factors of h.
3, 37
Let f(h) = -581*h - 2419. What are the prime factors of f(-9)?
2, 5, 281
Let z(g) be the second derivative of 25*g**3/6 + 187*g**2/2 - 45*g. What are the prime factors of z(0)?
11, 17
Let d(j) be the second derivative of -j**4/12 - j**3 - 3*j**2/2 - 7*j. Let k be d(-9). What are the prime factors of (k/(-20))/(2/52)?
3, 13
Let z = 55 - -122. Suppose 12 = 9*j - z. Suppose 3*o - 21 - j = 0. List the prime factors of o.
2, 7
Let z(n) = 2*n. Let o(a) = -47*a - 21. Let g(t) = o(t) - 2*z(t). What are the prime factors of g(-19)?
2, 3, 79
Let k = -38 - -42. Let p be 162*(-3 + 5)/k. Let x = 135 - p. What are the prime factors of x?
2, 3
Suppose -9*l + 13*l = -2*n + 3714, l = 5*n + 956. Let f = 1596 - l. What are the prime factors of f?
5, 7, 19
Suppose -15*q - 795 = -12*q. Let m = 477 + q. What are the prime factors of m?
2, 53
Let r be -1 - 21/(1 + -4). Suppose -25 = r*l - 11*l. Suppose 154 = 2*f + l*f. List the prime factors of f.
2, 11
List the prime factors of (-2 + -71)/((-71)/11218).
2, 73, 79
Let s(i) = 12*i**2 + 40*i + 28. Let t(m) = -6*m**2 - 20*m - 14. Let l(p) = 4*s(p) + 7*t(p). What are the prime factors of l(-11)?
2, 5, 13
Let n(o) = 11*o**2 + 18*o + 17. Let c be n(10). Let a = c - 758. List the prime factors of a.
7, 11
Suppose -10*i + 17*i = 35. Suppose -5*b = i*u - 2755, 2*u - 2206 = -4*b - 0*u. List the prime factors of b.
2, 3, 23
Let n be -2 + 6 + 30 + (-6)/3. What are the prime factors of ((-543)/6)/(((-36)/n)/9)?
2, 181
Let r = 16 - 14. Suppose -5*k - r*v = -6*v - 649, -2*k + 246 = -5*v. Suppose -69 - 185 = -4*o - 2*z, z = 2*o - k. List the prime factors of o.
5, 13
Let x = -4598 - -12503. List the prime factors of x.
3, 5, 17, 31
Suppose 24 = -f - 186. What are the prime factors of -5*(-12)/f*(-1057 - 0)?
2, 151
Let c = 1131 - -5405. What are the prime factors of c?
2, 19, 43
Suppose -12*b - 40*b - 32*b + 1731912 = 0. List the prime factors of b.
2, 13, 61
Let z be (4/10)/((-1)/(-5)). Suppose 3*s + 3 = 3*v, 16 = 2*v + z*v. Suppose 4*f = -s*f + 392. What are the prime factors of f?
2, 7
Let d(x) = 4*x**2 - x. Let u be d(0). Suppose -151*i + 161*i - 8220 = u. List the prime factors of i.
2, 3, 137
Let r(m) = -13*m**3 + 2*m + 31503. What are the prime factors of r(0)?
3, 10501
Let v = -827 + 16671. List the pri